ainder when 181 is divided by 53?
22
What is the remainder when 290 is divided by 21?
17
Calculate the remainder when 292 is divided by 37.
33
What is the remainder when 4 is divided by 1?
0
What is the remainder when 1678 is divided by 56?
54
What is the remainder when 179 is divided by 51?
26
Calculate the remainder when 44 is divided by 20.
4
Calculate the remainder when 4536 is divided by 89.
86
What is the remainder when 445 is divided by 123?
76
What is the remainder when 41 is divided by 12?
5
Calculate the remainder when 64 is divided by 36.
28
What is the remainder when 782 is divided by 23?
0
Calculate the remainder when 38 is divided by 8.
6
What is the remainder when 538 is divided by 12?
10
Calculate the remainder when 116 is divided by 8.
4
What is the remainder when 81 is divided by 17?
13
Calculate the remainder when 1622 is divided by 45.
2
What is the remainder when 37 is divided by 15?
7
What is the remainder when 19699 is divided by 10?
9
What is the remainder when 3353 is divided by 21?
14
What is the remainder when 80 is divided by 19?
4
What is the remainder when 31 is divided by 31?
0
What is the remainder when 24 is divided by 14?
10
Calculate the remainder when 1957 is divided by 48.
37
What is the remainder when 570 is divided by 22?
20
Calculate the remainder when 287 is divided by 10.
7
Calculate the remainder when 608 is divided by 71.
40
Calculate the remainder when 20 is divided by 1.
0
What is the remainder when 318 is divided by 29?
28
Calculate the remainder when 399 is divided by 20.
19
What is the remainder when 350 is divided by 126?
98
Calculate the remainder when 461 is divided by 126.
83
What is the remainder when 216 is divided by 51?
12
Calculate the remainder when 1198 is divided by 394.
16
What is the remainder when 227 is divided by 139?
88
What is the remainder when 288 is divided by 97?
94
What is the remainder when 169 is divided by 82?
5
Calculate the remainder when 988 is divided by 11.
9
What is the remainder when 91 is divided by 47?
44
Calculate the remainder when 999 is divided by 326.
21
What is the remainder when 301 is divided by 38?
35
Calculate the remainder when 313 is divided by 40.
33
Calculate the remainder when 305 is divided by 13.
6
Calculate the remainder when 1752 is divided by 117.
114
Calculate the remainder when 193 is divided by 33.
28
What is the remainder when 156 is divided by 73?
10
Calculate the remainder when 853 is divided by 36.
25
Calculate the remainder when 225 is divided by 119.
106
Calculate the remainder when 218 is divided by 44.
42
What is the remainder when 87 is divided by 9?
6
Calculate the remainder when 328 is divided by 16.
8
What is the remainder when 543 is divided by 259?
25
Calculate the remainder when 2694 is divided by 14.
6
Calculate the remainder when 233 is divided by 88.
57
What is the remainder when 4407 is divided by 6?
3
Calculate the remainder when 723 is divided by 337.
49
What is the remainder when 843 is divided by 169?
167
Calculate the remainder when 683 is divided by 341.
1
Calculate the remainder when 722 is divided by 29.
26
What is the remainder when 137 is divided by 54?
29
Calculate the remainder when 116 is divided by 21.
11
What is the remainder when 865 is divided by 143?
7
Calculate the remainder when 237 is divided by 15.
12
Calculate the remainder when 3750 is divided by 121.
120
What is the remainder when 349 is divided by 25?
24
What is the remainder when 621 is divided by 25?
21
Calculate the remainder when 1759 is divided by 252.
247
Calculate the remainder when 443 is divided by 89.
87
What is the remainder when 648 is divided by 109?
103
Calculate the remainder when 235 is divided by 25.
10
What is the remainder when 526 is divided by 64?
14
Calculate the remainder when 112 is divided by 102.
10
What is the remainder when 166 is divided by 53?
7
What is the remainder when 1205 is divided by 90?
35
What is the remainder when 334 is divided by 67?
66
Calculate the remainder when 11531 is divided by 124.
123
Calculate the remainder when 234 is divided by 62.
48
Calculate the remainder when 1919 is divided by 64.
63
What is the remainder when 175 is divided by 22?
21
Calculate the remainder when 1744 is divided by 223.
183
What is the remainder when 703 is divided by 229?
16
What is the remainder when 559 is divided by 17?
15
Calculate the remainder when 1379 is divided by 73.
65
What is the remainder when 72 is divided by 27?
18
Calculate the remainder when 76 is divided by 1.
0
Calculate the remainder when 644 is divided by 17.
15
Calculate the remainder when 1193 is divided by 80.
73
What is the remainder when 196 is divided by 46?
12
What is the remainder when 259 is divided by 85?
4
What is the remainder when 5335 is divided by 157?
154
Calculate the remainder when 962 is divided by 14.
10
What is the remainder when 613 is divided by 121?
8
Calculate the remainder when 62 is divided by 19.
5
What is the remainder when 1148 is divided by 142?
12
Calculate the remainder when 1169 is divided by 59.
48
What is the remainder when 325 is divided by 83?
76
Calculate the remainder when 192 is divided by 10.
2
Calculate the remainder when 634 is divided by 53.
51
What is the remainder when 656 is divided by 92?
12
What is the remainder when 1287 is divided by 73?
46
Calculate the remainder when 2858 is divided by 65.
63
What is the remainder when 1169 is divided by 78?
77
What is the remainder when 138 is divided by 43?
9
Calculate the remainder when 483 is divided by 81.
78
What is the remainder when 569 is divided by 109?
24
What is the remainder when 8422 is divided by 162?
160
Calculate the remainder when 517 is divided by 131.
124
Calculate the remainder when 1322 is divided by 34.
30
What is the remainder when 3657 is divided by 105?
87
Calculate the remainder when 186 is divided by 21.
18
What is the remainder when 4991 is divided by 16?
15
Calculate the remainder when 446 is divided by 123.
77
Calculate the remainder when 2134 is divided by 270.
244
Calculate the remainder when 507 is divided by 57.
51
Calculate the remainder when 842 is divided by 276.
14
Calculate the remainder when 758 is divided by 193.
179
Calculate the remainder when 3550 is divided by 178.
168
Calculate the remainder when 134 is divided by 3.
2
Calculate the remainder when 2027 is divided by 52.
51
What is the remainder when 812 is divided by 5?
2
What is the remainder when 3339 is divided by 88?
83
Calculate the remainder when 128 is divided by 15.
8
Calculate the remainder when 1029 is divided by 12.
9
Calculate the remainder when 74 is divided by 22.
8
Calculate the remainder when 704 is divided by 103.
86
Calculate the remainder when 943 is divided by 27.
25
What is the remainder when 35 is divided by 5?
0
Calculate the remainder when 1299 is divided by 42.
39
What is the remainder when 11302 is divided by 127?
126
What is the remainder when 401 is divided by 84?
65
What is the remainder when 187 is divided by 174?
13
What is the remainder when 119 is divided by 34?
17
Calculate the remainder when 213 is divided by 77.
59
What is the remainder when 629 is divided by 7?
6
What is the remainder when 37 is divided by 19?
18
Calculate the remainder when 445 is divided by 56.
53
Calculate the remainder when 129 is divided by 68.
61
Calculate the remainder when 131 is divided by 129.
2
Calculate the remainder when 17295 is divided by 31.
28
What is the remainder when 100 is divided by 36?
28
Calculate the remainder when 483 is divided by 123.
114
What is the remainder when 251 is divided by 35?
6
What is the remainder when 436 is divided by 74?
66
What is the remainder when 40 is divided by 15?
10
Calculate the remainder when 435 is divided by 41.
25
What is the remainder when 3164 is divided by 96?
92
What is the remainder when 708 is divided by 33?
15
What is the remainder when 364 is divided by 192?
172
What is the remainder when 392 is divided by 86?
48
What is the remainder when 371 is divided by 39?
20
Calculate the remainder when 573 is divided by 23.
21
Calculate the remainder when 4398 is divided by 80.
78
What is the remainder when 5725 is divided by 83?
81
Calculate the remainder when 268 is divided by 54.
52
What is the remai